se 5) in base 4?
-10
1100110 (base 2) to base 12
86
2 (base 3) to base 9
2
Convert 4 (base 5) to base 16.
4
Convert 9 (base 12) to base 3.
100
-15 (base 8) to base 14
-d
What is -3 (base 15) in base 13?
-3
Convert 1001 (base 2) to base 14.
9
What is -21 (base 4) in base 3?
-100
Convert 7 (base 13) to base 12.
7
What is -4 (base 10) in base 7?
-4
What is -2 (base 3) in base 6?
-2
What is 241 (base 8) in base 3?
12222
Convert -327 (base 11) to base 8.
-610
-2 (base 7) to base 16
-2
Convert -14 (base 7) to base 11.
-10
-111 (base 9) to base 15
-61
1 (base 2) to base 9
1
Convert 301 (base 4) to base 2.
110001
Convert 3a (base 12) to base 10.
46
Convert 220 (base 4) to base 10.
40
61 (base 15) to base 4
1123
What is -7 (base 9) in base 12?
-7
Convert 26 (base 15) to base 4.
210
Convert -13 (base 10) to base 12.
-11
What is -1021 (base 5) in base 13?
-a6
-24 (base 9) to base 10
-22
What is 9 (base 14) in base 13?
9
Convert 4 (base 12) to base 14.
4
Convert 11 (base 2) to base 11.
3
What is 1011011 (base 2) in base 7?
160
Convert 233 (base 7) to base 9.
145
1 (base 6) to base 7
1
Convert 11 (base 2) to base 15.
3
What is 10 (base 2) in base 8?
2
What is -2 (base 5) in base 2?
-10
What is -9 (base 11) in base 9?
-10
-52 (base 14) to base 7
-132
What is -113 (base 8) in base 12?
-63
Convert 2 (base 7) to base 16.
2
Convert 100 (base 2) to base 11.
4
250 (base 7) to base 10
133
Convert -21 (base 7) to base 2.
-1111
Convert -5 (base 10) to base 15.
-5
What is 6a (base 16) in base 11?
97
Convert 21 (base 5) to base 9.
12
-2 (base 10) to base 11
-2
Convert -17 (base 16) to base 4.
-113
What is -7 (base 16) in base 6?
-11
-6 (base 16) to base 2
-110
Convert -6a (base 14) to base 7.
-163
1 (base 9) to base 13
1
224 (base 10) to base 5
1344
What is -16 (base 10) in base 13?
-13
Convert -1111 (base 4) to base 9.
-104
What is 2 (base 5) in base 13?
2
Convert 1121 (base 3) to base 7.
61
Convert -1 (base 9) to base 4.
-1
Convert 34 (base 6) to base 10.
22
Convert -312 (base 8) to base 14.
-106
What is 12 (base 3) in base 9?
5
What is -2011 (base 5) in base 12?
-194
Convert -226 (base 8) to base 16.
-96
3 (base 16) to base 14
3
What is -34 (base 11) in base 5?
-122
-153 (base 8) to base 16
-6b
Convert -11 (base 2) to base 13.
-3
What is 3 (base 9) in base 4?
3
Convert 2 (base 8) to base 16.
2
What is -202 (base 3) in base 9?
-22
-21 (base 6) to base 11
-12
Convert 1 (base 4) to base 3.
1
37 (base 9) to base 3
1021
Convert -11 (base 3) to base 6.
-4
Convert -24 (base 10) to base 6.
-40
-15 (base 8) to base 13
-10
6 (base 12) to base 8
6
What is 14 (base 8) in base 2?
1100
Convert 4 (base 11) to base 8.
4
What is 5 (base 13) in base 10?
5
Convert 110000 (base 2) to base 7.
66
2101 (base 4) to base 5
1040
What is 11100 (base 2) in base 12?
24
-30 (base 5) to base 8
-17
What is -132 (base 8) in base 2?
-1011010
Convert 40 (base 15) to base 9.
66
What is 1b (base 15) in base 12?
22
What is -2 (base 8) in base 16?
-2
Convert 37 (base 8) to base 7.
43
Convert 22 (base 10) to base 16.
16
-510 (base 8) to base 13
-1c3
Convert -20 (base 15) to base 12.
-26
Convert -11000001 (base 2) to base 5.
-1233
What is 0 (base 8) in base 9?
0
What is 126 (base 13) in base 11?
173
1 (base 3) to base 12
1
Convert 10 (base 12) to base 13.
c
What is c (base 15) in base 5?
22
What is -102 (base 3) in base 14?
-b
Convert a (base 15) to base 8.
12
Convert 0 (base 2) to base 10.
0
Convert 20221 (base 3) to base 6.
511
What is 1 (base 9) in base 11?
1
Convert -4 (base 13) to base 16.
-4
0 (base 14) to base 3
0
4 (base 16) to base 3
11
-13 (base 10) to base 7
-16
What is a1 (base 12) in base 2?
1111001
Convert c (base 14) to base 13.
c
13 (base 4) to base 14
7
What is 6 (base 16) in base 15?
6
What is -2 (base 10) in base 15?
-2
a6 (base 12) to base 14
90
-142 (base 6) to base 14
-46
-5 (base 9) to base 16
-5
What is -100 (base 5) in base 2?
-11001
What is 0 (base 2) in base 15?
0
Convert -30 (base 7) to base 16.
-15
What is 4 (base 6) in base 9?
4
Convert -3 (base 5) to base 16.
-3
What is 2 (base 3) in base 14?
2
What is -12 (base 12) in base 5?
-24
100 (base 5) to base 8
31
-8 (base 9) to base 2
-1000
What is -13 (base 10) in base 4?
-31
Convert -20 (base 4) to base 10.
-8
12 (base 10) to base 15
c
What is 133 (base 6) in base 4?
321
1 (base 6) to base 2
1
Convert 10 (base 3) to base 14.
3
10 (base 3) to base 2
11
What is 8 (base 11) in base 6?
12
2 (base 4) to base 8
2
What is 100 (base 2) in base 5?
4
What is 3 (base 4) in base 7?
3
What is 5 (base 14) in base 4?
11
2 (base 16) to base 8
2
Convert -56 (base 7) to base 12.
-35
4 (base 9) to base 5
4
What is -3 (base 12) in base 11?
-3
Convert 36 (base 8) to base 15.
20
6 (base 12) to base 11
6
-2c (base 15) to base 14
-30
Convert -26 (base 8) to base 4.
-112
d3 (base 16) to base 8
323
Convert 42 (base 7) to base 8.
36
What is -110 (base 2) in base 11?
-6
Convert -a (base 13) to base 12.
-a
What is 68 (base 10) in base 9?
75
Convert -11 (base 12) to base 14.
-d
Convert -5 (base 9) to base 7.
-5
Convert -23 (base 7) to base 8.
-21
What is 1302 (base 4) in base 13?
8a
Convert -26 (base 15) to base 4.
-210
What is 0 (base 13) in base 6?
0
-8 (base 14) to base 13
-8
What is -101 (base 2) in base 15?
-5
What is -2 (base 4) in base 5?
-2
What is 103 (base 8) in base 7?
124
What is -3c (base 13) in base 7?
-102
-3 (base 8) to base 2
-11
200 (base 3) to base 2
10010
-5a (base 16) to base 4
-1122
Convert 1 (base 11) to base 10.
1
-33 (base 9) to base 6
-50
6 (base 8) to base 14
6
1 (base 5) to base 4
1
Convert 204 (base 9) to base 11.
141
Convert -9d (base 15) to base 13.
-b5
-a (base 15) to base 16
-a
Convert 1 (base 6) to base 16.
1
1100 (base 4) to base 8
120
What is 65 (base 9) in base 10?
59
Convert -11001 (base 4) to base 3.
-102220
What is 2 (base 16) in base 8?
2
What is 0 (base 10) in base 13?
0
Convert 2 (base 13) to base 14.
2
Convert -2 (base 6) to base 5.
-2
What is -15 (base 9) in base 7?
-20
-111 (base 6) to base 13
-34
Convert -1 (base 16) to base 3.
-1
Convert -5a (base 11) to base 10.
-65
Convert -5 (base 9) to base 5.
-10
6 (base 7) to base 2
110
Convert -18 (base 12) to base 13.
-17
Convert -83 (base 14) to base 3.
-11021
Convert 1 (base 3) to base 7.
1
1 (base 3) to base 5
1
-222 (base 3) to base 2
-11010
22 (base 6) to base 4
32
What is 20 (base 8) in base 7?
22
What is 1 (base 5) in base 6?
1
What is 21111 (base 3) in base 4?
3022
What is -14 (base 14) in base 10?
-18
67 (base 12) to base 4
1033
Convert -2 (base 7) to base 15.
-2
322 (base 6) to base 4
1322
Convert 3 (base 10) to base 13.
3
-31 (base 4) to base 14
-d
What is -20 (base 3) in base 4?
-12
What is -111 (base 3) in base 6?
-21
-131 (base 14) to base 6
-1035
Convert -431 (base 5) to base 4.
-1310
What is -11 (base 6) in base 15?
-7
Convert -101000 (base 2) to base 8.
-50
Convert 3 (base 16) to base 10.
3
Convert 10 (base 5) to base 9.
5
-404 (base 6) to base 9
-174
Convert 12 (base 3) to base 10.
5
-3 (base 5) to base 11
-3
What is 11 (base 13) in base 8?
16
What is -18 (base 11) in base 5?
-34
0 (base 16) to base 3
0
Convert 48 (base 11) to base 7.
103
-6 (base 11) to base 10
-6
What is -7 (base 13) in base 3?
-21
3 (base 15) to base 8
3
Convert 2 (base 16) to base 14.
2
Convert -111 (base 5) to base 13.
-25
1001101 (base 2) to base 10
77
0 (base 15) to base 6
0
What is -6 (base 16) in base 2?
-110
-422 (base 6) to base 7
-314
What is 245 (base 8) in base 10?
165
Convert 111 (base 8) to base 11.
67
120 (base 10) to base 5
440
3 (base 14) to base 2
11
What is -210 (base 4) in base 10?
-36
22 (base 13) to base 6
44
0 (base 6) to base 16
0
Convert -2 (base 13) to base 6.
-2
Convert -72 (base 10) to base 16.
-48
What is -cc (base 16) in base 3?
-21120
What is -133 (base 4) in base 3?
-1011
1 (base 11) to base 9
1
What is -11 (base 6) in base 11?
-7
What is -535 (base 6) in base 4?
-3023
What is 7 (base 14) in base 15?
7
Convert 111010 (base 2) to base 6.
134
What is 11 (base 3) in base 11?
4
What is 4 (base 13) in base 11?
4
-22 (base 5) to base 6
-20
51 (base 12) to base 9
67
Convert -1 (base 8) to base 4.
-1
0 (base 8) to base 15
0
What is -1 (base 6) in base 9?
-1
-1011 (base 2) to base 12
-b
12 (base 6) to base 7
11
Convert 10 (base 2) to base 10.
2
Convert 11 (